) = -h(i) - r(i). Let n = 409 + -403. Give v(n).
-8
Let p(n) = -195*n - 2 + 97*n + 0*n**2 + n**2 - 2 + 102*n. Let c(i) = -6*i**2 - 1. Let q be c(-1). Let y = q - -3. What is p(y)?
-4
Suppose 7*r - 15 = -p + 3*r, -4*r + 1 = -p. Let t(y) = -p*y - y + 2*y - y**2 + 6. Calculate t(-6).
6
Let c(i) = -i**2 - 11*i - 6. Let g be c(-10). Let r be -6 + 2 + 0/(0 - g). Let v(l) = 0 + l + 2 + 0*l. What is v(r)?
-2
Let v(r) = r**3 + r**2 - 1. Suppose 0 = y - 3 - 3. Suppose -6*m + 2*d = -m - 31, -3*d + y = 3*m. Suppose -u = -a + 3, u + 4*a - m = -2*u. Determine v(u).
-1
Let m be (24/18)/((-1)/(-3)). Suppose -m*y = 4*o, 12 + 0 = 3*o - y. Suppose 0 = -i - o*i - 12. Let b(g) = 2*g - 2. Give b(i).
-8
Let w(v) = 4*v - 2. Let f be w(2). Let r(s) be the third derivative of 1/60*s**5 + 0 - 1/6*s**4 - s**3 + s**2 + 0*s. What is r(f)?
6
Let b(n) = -26 - 32 + 89 - 29*n**2 - 30. Give b(-1).
-28
Let q(a) = -a**2 - a + 2. Let z(p) = -p**3 - 28*p**2 - 74*p + 22. Let i be z(-25). What is q(i)?
-4
Let t(d) = -3*d**3 - 3*d**2 + 4*d - 7. Let h(g) = 13*g**3 + 11*g**2 - 16*g + 30. Let s(w) = -2*h(w) - 9*t(w). Give s(-6).
-9
Let j(q) be the third derivative of -q**5/60 + 2*q**3/3 + 8*q**2. Let k be j(2). Suppose -4*a + 4 + k = 0. Let m(v) = -5*v**2. What is m(a)?
-5
Let p(t) = t**2 - 11*t + 7. Let a = 38 - 26. What is p(a)?
19
Let r(k) = -2*k + 5. Let h(c) = -2*c**3 - 3*c**2 + c + 2. Suppose -8 = 4*t - 5*x, 0*t + 2*t - 3*x + 4 = 0. Let l be h(t). Calculate r(l).
-3
Suppose 0 = 7*o - 5*o - 2. Suppose -2*f - 2*f + 4*h + 4 = 0, 4*f - o = h. Let k(g) = g + 1. Give k(f).
1
Let p(b) = 4*b**2 + 11*b + 5. Let o(l) = 7*l**2 + 20*l + 10. Let s(t) = 3*o(t) - 5*p(t). Calculate s(-3).
-1
Let v = -2215 + 2218. Let s(c) = 13*c - 6. Give s(v).
33
Let d(i) = i + 4. Let q be -2*-3*4/8. Let g be (-6)/(-2) - (3 - 18/q). What is d(g)?
10
Let n(l) = 2*l**2 - l**2 + 1 - 3*l**2. Let q(f) = -f**2 - 104*f - 941. Let b be q(-10). Determine n(b).
-1
Let o(w) be the third derivative of -w**4/24 - w**3/3 - 2*w**2 + 27. Determine o(-3).
1
Suppose 4*q + 6 = i, 3*q + 12 = 5*i - 1. Let j(f) = -f**2 + 4*f + 1. What is j(i)?
5
Let o(g) be the second derivative of -g**3/2 - 29*g**2 + 35*g. Let x be o(-17). Let k(q) = -q - 10. What is k(x)?
-3
Let w(d) = d**3 + 5*d**2 - 5*d + 7. Let g(n) be the first derivative of -2*n - 3/2*n**2 - 2 - 1/3*n**3. Let j be g(-4). What is w(j)?
1
Let q(n) = -n**3 - 8*n**2 + 2. Suppose 0 = 5*k + 27 + 13. What is q(k)?
2
Suppose -3*w + z = -8, -3*z = -4*w + 2*z + 7. Let m(k) = 0 - 3 + 5 - w - 3*k**2. Let r be (3 - 2)*(-1 - 0). What is m(r)?
-4
Let o(n) = -6*n**2 + 0*n**3 - 7*n - 38 - 41 + 78 + n**3. Give o(7).
-1
Let g = -49 + 51. Let v be 3*(-3 + 2) + g. Let k(w) = 17*w**3 + 2*w**2 - 1. Calculate k(v).
-16
Let o(w) = -w**3 - 4*w**2 + 6*w - 3. Let a = -23 - -18. Let u(z) = 11*z + 4*z**3 + 0*z**3 - 5*z**3 - 5 - 8*z**2. Let s(b) = a*o(b) + 3*u(b). Determine s(2).
6
Let l(w) = 6*w**3 - 11*w**2 - w - 4. Let o(n) = -5*n**3 + 8*n**2 + 2*n + 3. Let h(s) = 4*l(s) + 5*o(s). Give h(-5).
-6
Suppose -n + n + 4*n = 0. Let z(b) = -55*b + b**3 - 1 - 5*b**2 + n + 58*b. What is z(5)?
14
Suppose 0*v + 10 = 5*v. Let k = 15 - 14. Suppose 1 = v*x - 1, -5*x = -w + k. Let r(i) = -i**3 + 5*i**2 + 6*i + 6. Determine r(w).
6
Let u be (1 + 1)/(2/(-3)). Let r(n) = n + 45. Let t(s) = 3*s + 102. Let k(i) = 9*r(i) - 4*t(i). What is k(u)?
6
Suppose -2*c = 3 + 27. Let h(x) = x - 11. Give h(c).
-26
Let x(o) = o**3 + 6*o**2 - 5. Let k be x(-6). Let u(y) = 2*y - 8. Calculate u(k).
-18
Suppose n = 0, 0*a + 5*a + 10 = 2*n. Let x = a + 4. Let k be ((-1)/x)/(3/6). Let h(t) = 3*t**3 + t**2. Give h(k).
-2
Let t(p) = -p**3 + 7*p**2 - 4*p + 7. Let x be ((-1)/(-2) - -5) + (-2)/(-4). Determine t(x).
19
Let b(s) = -s - 4. Suppose -2*t - 16 = -7*m + 4*m, -5*t = 3*m + 19. What is b(t)?
1
Let z(y) = -y - 5. Suppose -2 = -3*r - 4*n, 45 = 2*r - n + 62. Determine z(r).
1
Let j(k) = 14 + 410*k**2 - 409*k**2 - 5 - 11*k. Give j(11).
9
Let y be (0 - 2/(-14)) + 18/(-126). Let q = 3 + -12. Let w(b) = 11*b - 7. Let z(o) = -5*o + 3. Let c(i) = q*z(i) - 4*w(i). Determine c(y).
1
Let f(x) = x**3 - x + 6. Let p be (-2)/3 - (-4)/6. Suppose s + 2*s + 15 = p. Let z(c) = -c - 5. Let b be z(s). Determine f(b).
6
Let o be (-2)/(-4)*72/18. Let h(p) = p**3 - 2*p + 3. Let t be h(o). Let l(y) = -y**2 + 9*y - 4. Determine l(t).
10
Let a(t) be the second derivative of -t**3/3 - 3*t**2/2 - 44*t. Give a(-10).
17
Suppose 0*v = 2*v - u - 10, 2 = -u. Let n be v/(2/3 + 0). Let m(t) be the first derivative of t**4/4 - 5*t**3/3 - 3*t**2 - 4*t - 1. Give m(n).
-4
Suppose 3*p + 3*x = -6, -4*p + 4*x - 8 = 3*x. Suppose 3*d = 2*t + 4*d - 18, 0 = -2*t + d + 10. Let h(v) = -v - 2 + t*v - 2 + 3. Give h(p).
-13
Let k be (2 - 1 - 3) + 38/2. Let u(y) = 8 - y**2 - k - 4*y + 4. What is u(-4)?
-5
Let z(w) = -42*w**2 - 58*w**2 + 5 - 4*w + 98*w**2. Let l be (-1 - (-6)/10)*10. What is z(l)?
-11
Let p(f) = 4*f**3 - 2*f + 1. Let w(y) = 3*y**3 - y**2 - y. Let u(h) = -4*p(h) + 5*w(h). Calculate u(-5).
-19
Suppose -4*t = -5*b - 41, -b + 3*t = 2*b + 27. Let q(o) = -o**3 - 6*o**2 - 8*o - 3. What is q(b)?
12
Suppose 0 = -2*q + 2 - 0. Let t(w) = -5*w + 5 + w + q + 3*w. What is t(0)?
6
Let r(p) = p**2 + 11*p + 10. Let w(h) = -h**2 - 10*h - 9. Let b(n) = 2*r(n) + 3*w(n). Let x(k) = k - 14. Let v be x(-14). Let l = -33 - v. What is b(l)?
8
Let z(w) = -2*w - 22. Let g be z(-22). Suppose -3*j + 4 = -t - 6*j, 2*t - 4*j - g = 0. Let k(c) = -c**2 + 7*c - 6. Determine k(t).
4
Suppose a + 23 = 2*z, -2*z + 3*z - 8 = -3*a. Suppose -5 - z = 8*d. Let h(g) = -g**2 - g - 2. Calculate h(d).
-4
Let z(i) = i**3 - 3*i**2 + 2*i - 2. Suppose -3*s = -9, -18 = -m + 5*s - 10*s. What is z(m)?
4
Let x(v) = -3*v**3 - 12*v**2 - 20. Let d(y) = -y**3 - 4*y**2 - 7. Let i(k) = -11*d(k) + 4*x(k). Let n(f) = 2*f**2 + 9*f + 6. Let p be n(-3). What is i(p)?
-12
Let g be 116/12 - 11 - (-14)/(-3). Let c(d) = -d**3 - 5*d**2 + 7*d + 6. Give c(g).
0
Let b(t) = 2*t - 8. Let v = -5 - -12. Let y = 5 + -4. Let l be (v - y)*(1 - 0). Determine b(l).
4
Let c(n) = n**3 - 6*n**2 - 3*n + 9. Let k be c(6). Let t(v) = -517*v - 4*v**2 + 1039*v - 511*v + 8 + 5*v**2. What is t(k)?
-10
Let m(u) = 13*u + 5. Let g(l) = 7*l + 2. Let w(s) = 11*g(s) - 6*m(s). Calculate w(-7).
-1
Suppose -11 = n - 14. Let a(c) = c + n*c**2 + 3 - 3 - 9*c**2. Determine a(1).
-5
Let f = -105 - -115. Let s(z) = -z**2 + 6*z + 8. Determine s(f).
-32
Suppose -2*k = -4*k + 4. Let j(z) = -2*z + 2*z + 5*z + 6 + z**k. Let t(w) = 5*w - 24. Let c be t(4). Calculate j(c).
2
Let q(a) = 2*a**2 + 7*a + 5. Let n(k) = k**2 + k + 1. Let g(t) = 3*n(t) - q(t). Let m = -95 - -113. Suppose -m = o - 4*o. Give g(o).
10
Let k(l) = -l**3 + 3*l**2 + 6*l - 5. Suppose 0 = 3*i + 3, 1 = -5*u + 5*i + 46. Let a be 24/3*4/u. Determine k(a).
3
Let t(w) = w + 11. Suppose -26*y - y = -216. Let o(p) = 16*p**3 + 2*p**2 + 2*p + 1. Let d be o(-1). Let g = y + d. Determine t(g).
4
Let s(z) = -2*z + 7. Let v be s(3). Let r(n) = 0 + 10 - n + v. Calculate r(7).
4
Let s(j) = -j**2. Let x(l) = 3*l**2 - 5*l + 3. Let t(b) = -2*s(b) - x(b). Let a be t(2). Let n(o) = -21*o + 21*o + 2 - o**2. Determine n(a).
-7
Let g(z) = -z**2 - 8*z + 1. Suppose -3*m - 3*h - 9 = 0, -2*m - 2*m + 4*h = 36. What is g(m)?
13
Let p(n) = -17*n**2 + 35*n**2 - 19*n**2 + n. Determine p(-1).
-2
Let m(z) = 4*z**3 - 1. Let a = 1 + 1. Let g be 11 + (-4)/a + -1. Let s be (g/(-2) + 2)/2. Calculate m(s).
-5
Let o(p) = -p**3 - 19*p**2 + p + 16. Let a be o(-19). Let q(r) = -r**3 - 3*r**2 + 4*r + 1. Give q(a).
-11
Suppose -l - 3 = 0, -5*x + 2 + 22 = 2*l. Let s(k) = -k - 4 + x - 3. Let z(g) = g**2 + g - 38. Let v be z(6). What is s(v)?
-5
Let y(h) = -2 + 11*h**2 - 15*h**2 - 8*h + 4*h**2 - h**2. Determine y(-8).
-2
Let b(l) = -l + 1. Let h = 33 + -33. Let g = -4 + h. Determine b(g).
5
Let b = -7 - -13. Let z(d) be the third derivative of 0 + 0*d + 9*d**2 - 3/2*d**3 - 1/60*d**5 + 1/4*d**4. Give z(b).
-9
Let b be (-1)/(-12)*6 + (-25)/2. Let r be (2/b*2)/((-7)/(-21)). Let i(t) = -9*t. What is i(r)?
9
Let d be -3 - -2 - (-2 + -1*1). Let k(m) = -4*m**2 - 5*m - 7. Let o(b) = b**2 + b + 1. Let s(j) = k(j) + 5*o(j). Determine s(d).
2
Let a(g) = g**3 + 2*g**2 + 2*g + 2. Let l(j) = -j**2 + 5*j + 11. Let m = 3 + 4. Let d be l(m). What is a(d)?
-13
Let l(o) = 3*o + 60. Let 